uppose z*p - 104 = 2*v + 140, -v + 305 = 5*p. What is the tens digit of p?
6
Let q = 224 + 208. What is the units digit of q?
2
Let l = 93 + -56. What is the hundreds digit of (147/35 - (-1)/(-5))*l?
1
Let v(m) = -3*m - 2. Let d be v(-2). Let z be 1/1*(2 + d). What is the tens digit of (72/2)/(z + -5)?
3
Suppose 860 = 3*g - 724. What is the units digit of g?
8
Let z(b) = -32*b - 1. Let l = -43 - -41. What is the tens digit of z(l)?
6
Let x = 62 + -60. Suppose -48 = -5*g - 6*i + 5*i, -x*i - 24 = -2*g. What is the tens digit of g?
1
Suppose -5*t + 41 = -2*g - 2*t, -5*t = -25. Let q(v) = -2*v**2 - 33*v - 8. What is the units digit of q(g)?
3
Suppose -62*l = -46*l - 89472. What is the hundreds digit of l?
5
Let s(n) = -1. Let k(r) = -24*r - 5. Let z(m) = k(m) - 4*s(m). Suppose -5*g + 3*g + 4*q = -2, 5*q = 5*g. What is the units digit of z(g)?
3
Let i = -155 - -290. What is the hundreds digit of i?
1
Let v be (-2 + -3)*(-12)/(-10). Let k be v/(-18) - 50/6. Let z(x) = x**3 + 9*x**2 + 7*x + 11. What is the units digit of z(k)?
9
Let y(l) = -5*l**3 - 2*l**2 + 4. Let n be y(-3). Suppose 0 = 4*s + 5*j - 496, 2*s - 125 = -2*j + n. What is the tens digit of s?
1
Suppose 5 = -c - 2*y, 5 = -3*c - c - 5*y. Suppose 0 = -4*n + 7*n - c*o - 582, 784 = 4*n - 4*o. What is the hundreds digit of n?
1
Let z = 0 - -6. Suppose 5 = 2*l + x, 5*x - z - 4 = -5*l. Suppose -l*p + 35 = -2*p. What is the units digit of p?
5
What is the units digit of ((-2 - -188) + 5)*3?
3
Suppose -x = -3*x + s + 1, 11 = 4*x + s. What is the tens digit of (-3)/((-3)/19)*x?
3
Suppose 9930 = 18*k - 168. What is the tens digit of k?
6
Suppose 3*m + 6 + 12 = 0. What is the tens digit of ((-2)/5)/(m/300)?
2
Suppose -2800 = 58*r - 63*r. What is the hundreds digit of r?
5
Suppose 0 = -4*l + 1551 + 69. What is the tens digit of l?
0
What is the tens digit of (((-16)/(-10))/1)/(11/110)?
1
Let q = 38 + -42. What is the tens digit of (6*2/q)/(1/(-67))?
0
Let l(m) = m**3 + 2*m**2 - 6. Suppose 2*q + 3 = t - 2, -4*t = -q - 20. What is the hundreds digit of l(t)?
1
Let w be ((-9)/(-27))/((-7)/6 + 1). What is the hundreds digit of ((-70)/(-28))/(w/(-136) - 0)?
1
Let z(f) = -2*f**2. Let c = 12 + -11. Let l be z(c). Let y(d) = d**2 + 2*d + 4. What is the units digit of y(l)?
4
Suppose 0*g - 8 = -4*g. Let h be (g/(-4))/((-3)/36). What is the units digit of (3 + 0)*6/h?
3
What is the hundreds digit of ((-1588)/(-10))/(12/30)?
3
Suppose g + 209 = 848. What is the hundreds digit of g?
6
Let l = 29 + -30. What is the units digit of 34 - (-6)/(-15)*(l - 4)?
6
Let f(n) = 2*n - 9. Let k be f(-6). Let w be 3/7 + (-831)/k. Suppose q + w = 2*q. What is the units digit of q?
0
Let q = -12 + 19. Let u(a) = a**3 - a**2 - 17*a + 7. What is the tens digit of u(q)?
8
Let m(s) = s**3 - s**2 - 2*s - 7. Let g be m(0). What is the units digit of (34/g - -2)/(4/(-14))?
0
Suppose 2*t + 2*c = -0*c + 160, 5*t - 4*c - 418 = 0. Suppose -4*i = -14 + t. Let q = i + 24. What is the units digit of q?
7
Suppose 722 = 2*f - 4*h, 4*f + 2*h - 1464 = 5*h. Let r = f + -261. What is the hundreds digit of r?
1
Let o(h) = -3*h**3 - h**2 + 2*h - 4. Let n(p) = 2*p**3 - p + 4. Let d(t) = -4*n(t) - 3*o(t). Let k be d(-5). What is the tens digit of ((-3)/(-6))/((-2)/k)?
1
Suppose 0 = 5*i - 6*i - 2. Let g = 4 - i. Suppose 3*w - w - 15 = 3*p, -5*p = 3*w + g. What is the units digit of w?
3
Suppose -8 = u + 15. Suppose -4*w = -5*q + 236, 27 = -2*w + 5*q - 91. Let f = u - w. What is the units digit of f?
6
Suppose -28411 = -29*h - 1209. What is the hundreds digit of h?
9
Suppose -z + 206 = z. Suppose z = -a + 2*a. What is the hundreds digit of a?
1
Suppose 0 = -3*b + 1 + 11. Suppose -b*n + 78 = -126. What is the tens digit of n?
5
Suppose 5*l - 13 = 7. Let t(a) = -2*a**2 + 6*a - 4. Let s be t(l). What is the units digit of (s/(-15))/(2/90)?
6
Let i(o) = 2*o**3 + 32*o**2 - 34*o + 10. Let k be i(-17). Let b(u) = 3*u - 10*u + 3*u**3 - 12 - 9*u**2 - 2*u**3. What is the tens digit of b(k)?
1
What is the tens digit of 4/16 - (-415)/20?
2
Let a = -981 - -1173. What is the units digit of a?
2
Let q = 28 + -29. What is the units digit of (q - -44) + 18/(-9)?
1
Suppose -62827 = -14*h + 15811. What is the thousands digit of h?
5
Suppose 0 = -10*f + 9*f + 211. What is the tens digit of f?
1
Let a(g) = 22*g - 552. What is the units digit of a(27)?
2
Suppose 144*k = 147*k - 6870. What is the hundreds digit of k?
2
Suppose 0 = -c + 2*c - 55. Let y = 96 - c. What is the units digit of y?
1
Let w be -30 - (-6 - (-3 + -1)). Let m = -27 - w. What is the units digit of m?
1
Suppose 274 = -2*o + 2*v - v, 421 = -3*o - v. Let c = o + 317. What is the tens digit of c?
7
Let d be (-9)/(-6) + (3 + 1)/8. Suppose 0 = 2*c + d*h - 156, 0*c + 2*c = -3*h + 158. What is the tens digit of c?
7
Suppose -3*y - 3*q = -30 + 12, 5*y - q - 24 = 0. Suppose -s + 2*a + 37 = 0, -110 = -2*s + y*a - 31. What is the units digit of s?
7
Suppose 0 = -14*r + 43 - 1. What is the hundreds digit of (-202)/r*(0 + 6/(-4))?
1
Suppose 0 = 5*r + 3*s - 2549, -20*r - 2*s + 1022 = -18*r. What is the tens digit of r?
0
Let m be (-182)/(-21) + 1/3. Let u = m - 9. Suppose q - 40 = -u*q. What is the tens digit of q?
4
Suppose 0*q - 4*q + 4*m = -44, 3*q = -2*m + 58. Suppose -2 = -3*j + q. What is the units digit of j/(-39) - 396/(-39)?
0
What is the units digit of 5*(1 + ((-5)/5 - -841))?
5
Let c = 16 + -13. Suppose 2*o = o + c. Suppose -o*w + 4*w = 50. What is the tens digit of w?
5
Suppose 7*s - 4*s = 0. Suppose -f + 7 = j, -4*f + 12 = j - 5*j. What is the units digit of 4/j - s/(-5)?
2
Suppose 3*t + 555 = 3*u, -28 = u + 2*t - 213. What is the units digit of 24/14*u/30*21?
2
Let h(m) = m**3 + m**2 + 6*m + 1. Let x(g) = g - 1. Let b(r) = -h(r) + 5*x(r). What is the tens digit of b(-3)?
1
Let i = 2035 + -1443. What is the units digit of i?
2
Let i = -18 + 23. Suppose -d - 2*d + 65 = a, -a - 111 = -i*d. What is the tens digit of d?
2
Suppose 3*l = l - p + 17, -4*l + 40 = 4*p. What is the tens digit of l/(-7) - (-1*118)/2?
5
Suppose -q + 52 = -12. What is the tens digit of q?
6
Suppose -3*y - 3658 = -5*g, 0*y + 3*y - 728 = -g. What is the tens digit of g?
3
Suppose 0 = 12*j - 7695 - 5277. What is the hundreds digit of j?
0
Suppose 2*j = -4*u + 170, u + 3*j = 4*u - 114. What is the tens digit of u?
4
Suppose -184 + 24 = -4*b - 3*c, -4*b - 2*c + 160 = 0. Suppose 8*d = 3*d + b. Let x = 14 - d. What is the units digit of x?
6
Let a(u) = u - 6. Let q be a(10). Suppose -172 = -q*s + 12. What is the tens digit of s?
4
Let o = 26 + -24. Suppose -p + o*p - 54 = 0. Suppose p = 2*t - 36. What is the units digit of t?
5
What is the tens digit of (-66 - -33)/(1/(-4))?
3
Let u be (1*-14)/((-6)/216). Suppose 0 = -3*m - 4*m + u. What is the units digit of m?
2
Suppose -5159 = -3*x - 971. What is the hundreds digit of x?
3
Suppose -4*b - 5*a + 357 = -0*a, b - 4*a - 105 = 0. Let n = b - -27. What is the hundreds digit of n?
1
Suppose 0 = 2*u + d - 2039, -3*d = 2*u - 0*d - 2037. What is the tens digit of u?
2
Let n(k) = 2*k**2 + 8*k + 1. Let u be n(6). Let j(m) = m**2 - 24*m + 64. Let g be j(9). Let z = g + u. What is the tens digit of z?
5
Let f = 5 + -14. Let v(j) = 3*j - 21 - 3*j - 3*j. What is the units digit of v(f)?
6
Suppose -t = -138 - 10. Suppose 2*o - 4*y = t, 4*o - 4*y - 300 = -0*o. What is the units digit of o?
6
Let m(w) = -w - 7. Let f(y) = -6*y + 3. Let h be f(2). Let v be m(h). Suppose 3*o + 4*c - 48 = o, -40 = -2*o - v*c. What is the tens digit of o?
1
Suppose -2*m + 10*l - 7*l + 2460 = 0, -l + 3701 = 3*m. What is the thousands digit of m?
1
Suppose -b - 5*y + 2960 = 0, 5*y = 52 - 72. What is the tens digit of b?
8
Suppose 0 = -2*n - 6*n + 576. Suppose -a = -29 - n. What is the hundreds digit of a?
1
Let v(u) be the second derivative of u**4/4 - u**3/2 + 12*u**2 + 19*u. What is the hundreds digit of v(6)?
1
Let u(o) = 200 - 205 - 3*o + 3*o - 24*o. What is the tens digit of u(-2)?
4
Suppose 5*g - 615 - 95 = 0. Suppose -5*q - 128 = g. Let b = q - -76. What is the tens digit of b?
2
Let z = -23 - -78. Suppose 4*c + c = -z. Let j = c + 62. What is the units digit of j?
1
Suppose 50 = -13*i + 8*i. Let t = 15 + i. Suppose 4*x - t*x + 34 = 0. What is the units digit of x?
4
Let v = 2099 + -1489. What is the tens digit of v?
1
Let